{"id":1534,"date":"2025-03-05T09:57:52","date_gmt":"2025-03-05T09:57:52","guid":{"rendered":"https:\/\/www.emescom.pl\/site\/?post_type=product&#038;p=1534"},"modified":"2025-03-07T16:35:47","modified_gmt":"2025-03-07T16:35:47","slug":"fruitbot-qb3-kompaktowy-automat-pakujacy-do-borowki-amerykanskiej","status":"publish","type":"product","link":"https:\/\/www.emescom.pl\/site\/?product=fruitbot-qb3-kompaktowy-automat-pakujacy-do-borowki-amerykanskiej","title":{"rendered":"FruitBOT QB3 \u2013 Kompaktowy automat pakuj\u0105cy do bor\u00f3wki ameryka\u0144skiej"},"content":{"rendered":"<p><img loading=\"lazy\" decoding=\"async\" class=\"alignnone size-full wp-image-1618\" src=\"https:\/\/www.emescom.pl\/site\/wp-content\/uploads\/2025\/03\/Projekt-bez-nazwy-3.png\" alt=\"\" width=\"800\" height=\"450\" srcset=\"https:\/\/www.emescom.pl\/site\/wp-content\/uploads\/2025\/03\/Projekt-bez-nazwy-3.png 800w, https:\/\/www.emescom.pl\/site\/wp-content\/uploads\/2025\/03\/Projekt-bez-nazwy-3-300x169.png 300w, https:\/\/www.emescom.pl\/site\/wp-content\/uploads\/2025\/03\/Projekt-bez-nazwy-3-768x432.png 768w, https:\/\/www.emescom.pl\/site\/wp-content\/uploads\/2025\/03\/Projekt-bez-nazwy-3-600x338.png 600w\" sizes=\"auto, (max-width: 800px) 100vw, 800px\" \/><\/p>\n<p><img loading=\"lazy\" decoding=\"async\" class=\"alignnone size-full wp-image-1619\" src=\"https:\/\/www.emescom.pl\/site\/wp-content\/uploads\/2025\/03\/Projekt-bez-nazwy-2.png\" alt=\"\" width=\"800\" height=\"450\" srcset=\"https:\/\/www.emescom.pl\/site\/wp-content\/uploads\/2025\/03\/Projekt-bez-nazwy-2.png 800w, https:\/\/www.emescom.pl\/site\/wp-content\/uploads\/2025\/03\/Projekt-bez-nazwy-2-300x169.png 300w, https:\/\/www.emescom.pl\/site\/wp-content\/uploads\/2025\/03\/Projekt-bez-nazwy-2-768x432.png 768w, https:\/\/www.emescom.pl\/site\/wp-content\/uploads\/2025\/03\/Projekt-bez-nazwy-2-600x338.png 600w\" sizes=\"auto, (max-width: 800px) 100vw, 800px\" \/><\/p>\n<p>Szczeg\u00f3\u0142owy opis w zak\u0142adce znajdziesz <a href=\"https:\/\/www.emescom.pl\/site\/?page_id=344\">tutaj<\/a> Fruit BOT<\/p>\n<p><strong>Maszyna sk\u0142ada si\u0119 z nast\u0119puj\u0105cych modu\u0142\u00f3w:<\/strong><\/p>\n<p><strong>Automat dozuj\u0105cy (AD)<\/strong>\u00a0\u2013 Oparty o dynamicznie sterowane podajniki wibracyjne automat, z innowacyjnym algorytmem dozowania, opracowanym w zakresie w\u0142asnych prac B+R. Pozwala na dynamiczne dozowanie porcji w zakresie 100-1000 g<\/p>\n<p><strong>Podajnik Opakowa\u0144 (PO)<\/strong>\u00a0\u2013 Ssawkowy, 3 kana\u0142owy podajnik sekwencyjny z wymiennymi koszami pozwalaj\u0105cymi na dostosowanie do okre\u015blonego typoszeregu opakowa\u0144.<\/p>\n<p><strong>Przeno\u015bnik z modu\u0142em kontrolnym (PT + MK)<\/strong>\u00a0\u2013 Sekwencyjny przeno\u015bnik z wbudowanym modu\u0142em kontroli masy pozwalaj\u0105cym na ponowne (po dozowaniu i wysypaniu do opakowania) kontrolowanie poprawno\u015bci masy<\/p>\n<p><strong>Modu\u0142 steruj\u0105cy z HMI (MS)<\/strong>\u00a0\u2013 Modu\u0142 steruj\u0105cy oparty o komputer przemys\u0142owy IPC. 21 calowy ekran dotykowy HMI pozwala na intuicyjn\u0105 obs\u0142ug\u0119 oraz pe\u0142n\u0105 wizualizacj\u0119 procesu pakowania.<\/p>\n<p><strong>St\u00f3\u0142 buforowy (SB)<\/strong>\u00a0\u2013 Buforowy st\u00f3\u0142 \u015blizgowy o \u015brednicy 1200 mmm z wbudowan\u0105 funkcj\u0105 kontroli przepe\u0142nienia<\/p>\n<p>Czas realizacji:\u00a0<em>\u00a0prosimy o kontakt<\/em><\/p>\n<hr \/>\n<p><strong>Wycena:\u00a0<\/strong><\/p>\n<p>Je\u015bli chcesz aby\u015bmy wycenili maszyn\u0119 pakuj\u0105c\u0105 dla Ciebie :<\/p>\n<p>Prze\u015blij nam zapytanie za pomoc\u0105 formularza kontaktowego znajduj\u0105cego si\u0119 <a href=\"https:\/\/www.emescom.pl\/site\/?page_id=60\">tutaj<\/a><\/p>\n<div style=\"max-width: 512px; max-height: 384px;\">\n<div style=\"left: 0px; width: 100%; height: 0px; position: relative; padding-bottom: 75%; overflow: hidden;\"><iframe style=\"position: absolute; top: 0px; left: 0px; height: 100%; width: 1px; min-width: 100%; *width: 100%;\" src=\"https:\/\/www.emescom.pl\/site\/FruitBOT3_OK_XR.192.html\" frameborder=\"0\" scrolling=\"no\" allowfullscreen=\"allowfullscreen\"><br \/>\n<\/iframe><\/div>\n<\/div>\n<p><img loading=\"lazy\" decoding=\"async\" class=\"alignnone wp-image-1540\" src=\"https:\/\/www.emescom.pl\/site\/wp-content\/uploads\/2025\/03\/ikonaobrotu-300x145.jpg\" alt=\"\" width=\"89\" height=\"43\" srcset=\"https:\/\/www.emescom.pl\/site\/wp-content\/uploads\/2025\/03\/ikonaobrotu-300x145.jpg 300w, https:\/\/www.emescom.pl\/site\/wp-content\/uploads\/2025\/03\/ikonaobrotu.jpg 437w\" sizes=\"auto, (max-width: 89px) 100vw, 89px\" \/><\/p>\n","protected":false},"excerpt":{"rendered":"<p>FruitBOT QB3 \u2013 Kompaktowy automat pakuj\u0105cy do bor\u00f3wki ameryka\u0144skiej<\/p>\n","protected":false},"featured_media":1332,"template":"","meta":{"_monsterinsights_skip_tracking":false,"_monsterinsights_sitenote_active":false,"_monsterinsights_sitenote_note":"","_monsterinsights_sitenote_category":0,"_uf_show_specific_survey":0,"_uf_disable_surveys":false},"product_brand":[],"product_cat":[40],"product_tag":[],"class_list":{"0":"post-1534","1":"product","2":"type-product","3":"status-publish","4":"has-post-thumbnail","6":"product_cat-maszyny-i-urzadzenia","8":"first","9":"onbackorder","10":"taxable","11":"shipping-taxable","12":"product-type-simple"},"aioseo_notices":[],"_links":{"self":[{"href":"https:\/\/www.emescom.pl\/site\/index.php?rest_route=\/wp\/v2\/product\/1534","targetHints":{"allow":["GET"]}}],"collection":[{"href":"https:\/\/www.emescom.pl\/site\/index.php?rest_route=\/wp\/v2\/product"}],"about":[{"href":"https:\/\/www.emescom.pl\/site\/index.php?rest_route=\/wp\/v2\/types\/product"}],"wp:featuredmedia":[{"embeddable":true,"href":"https:\/\/www.emescom.pl\/site\/index.php?rest_route=\/wp\/v2\/media\/1332"}],"wp:attachment":[{"href":"https:\/\/www.emescom.pl\/site\/index.php?rest_route=%2Fwp%2Fv2%2Fmedia&parent=1534"}],"wp:term":[{"taxonomy":"product_brand","embeddable":true,"href":"https:\/\/www.emescom.pl\/site\/index.php?rest_route=%2Fwp%2Fv2%2Fproduct_brand&post=1534"},{"taxonomy":"product_cat","embeddable":true,"href":"https:\/\/www.emescom.pl\/site\/index.php?rest_route=%2Fwp%2Fv2%2Fproduct_cat&post=1534"},{"taxonomy":"product_tag","embeddable":true,"href":"https:\/\/www.emescom.pl\/site\/index.php?rest_route=%2Fwp%2Fv2%2Fproduct_tag&post=1534"}],"curies":[{"name":"wp","href":"https:\/\/api.w.org\/{rel}","templated":true}]}}