{"id":1735,"date":"2025-03-21T19:07:48","date_gmt":"2025-03-21T19:07:48","guid":{"rendered":"https:\/\/www.emescom.pl\/site\/?post_type=product&#038;p=1735"},"modified":"2025-03-27T18:05:06","modified_gmt":"2025-03-27T18:05:06","slug":"lozko-stalowe-aurora","status":"publish","type":"product","link":"https:\/\/www.emescom.pl\/site\/?product=lozko-stalowe-aurora","title":{"rendered":"Lewituj\u0105ce \u0142\u00f3\u017cko stalowe AURORA"},"content":{"rendered":"<p><strong>Lewituj\u0105ce \u0142\u00f3\u017cko stalowe AURORA &#8211; na wymiar !<\/strong><\/p>\n<p>Solidne \u0142\u00f3\u017cko wykonane ze stali ci\u0119tej laserem. Mo\u017cliwo\u015b\u0107 doboru kolorystyki zgodnie z palet\u0105 RAL pozwala na pe\u0142ne dopasowanie do indywidualnych potrzeb i aran\u017cacji wn\u0119trza.<\/p>\n<p><strong>Model: AURORA<\/strong><\/p>\n<hr \/>\n<p><strong>Konstrukcja:<\/strong><\/p>\n<p>materia\u0142:\u00a0 stal w\u0119glowa<\/p>\n<p>Zag\u0142\u00f3wek (wezg\u0142owie):\u00a0 wycinanka zgodnie z \u017cyczeniem klienta ( istnieje mo\u017cliwo\u015b\u0107 umieszczenia praktycznie dowolnego wzoru)<\/p>\n<p>wyko\u0144czenie: <em>malowanie proszkowe na dowolny kolor RAL<\/em><\/p>\n<hr \/>\n<p><strong>Fronty:<\/strong><\/p>\n<p>materia\u0142: <em>d\u0105b, buk oraz drewno egzotyczne<\/em><\/p>\n<p>wyko\u0144czenie: <em>lakier lub olej<\/em><\/p>\n<hr \/>\n<p><strong>Realizacja:<\/strong><\/p>\n<p>Etapy realizacji:\u00a0<em>\u00a0<\/em><\/p>\n<ul>\n<li><em>koncepcja<\/em><\/li>\n<li><em>projekt<\/em><\/li>\n<li><em>wizualizacja 3D (opcjonalnie)<\/em><\/li>\n<li><em>produkcja<br \/>\n<\/em><\/li>\n<li><em>monta\u017c (opcjonalnie)<\/em><\/li>\n<\/ul>\n<p>Czas realizacji:\u00a0<em>\u00a0prosimy o kontakt<\/em><\/p>\n<hr \/>\n<p><strong>Wycena:\u00a0<\/strong><\/p>\n<p>Je\u015bli chcesz aby\u015bmy wycenili produkt dla Ciebie\u00a0 &#8211; skontaktuj si\u0119 z nami za pomoc\u0105 formularza kontaktowego znajduj\u0105cego sie <a href=\"https:\/\/www.emescom.pl\/site\/?page_id=60\">tutaj<\/a><\/p>\n","protected":false},"excerpt":{"rendered":"<p>Lewituj\u0105ce \u0142\u00f3\u017cko stalowe AURORA &#8211; na wymiar ! Solidne \u0142\u00f3\u017cko wykonane ze stali ci\u0119tej laserem. Mo\u017cliwo\u015b\u0107 doboru kolorystyki zgodnie z palet\u0105 RAL pozwala na pe\u0142ne dopasowanie do indywidualnych potrzeb i aran\u017cacji wn\u0119trza. Model: AURORA Konstrukcja: materia\u0142:\u00a0 stal w\u0119glowa Zag\u0142\u00f3wek (wezg\u0142owie):\u00a0 wycinanka zgodnie z \u017cyczeniem klienta ( istnieje mo\u017cliwo\u015b\u0107 umieszczenia praktycznie dowolnego wzoru) wyko\u0144czenie: malowanie proszkowe &#8230; <a title=\"Lewituj\u0105ce \u0142\u00f3\u017cko stalowe AURORA\" class=\"read-more\" href=\"https:\/\/www.emescom.pl\/site\/?product=lozko-stalowe-aurora\" aria-label=\"Dowiedz si\u0119 wi\u0119cej o Lewituj\u0105ce \u0142\u00f3\u017cko stalowe AURORA\">Dowiedz si\u0119 wi\u0119cej<\/a><\/p>\n","protected":false},"featured_media":1739,"template":"","meta":{"_monsterinsights_skip_tracking":false,"_monsterinsights_sitenote_active":false,"_monsterinsights_sitenote_note":"","_monsterinsights_sitenote_category":0,"_uf_show_specific_survey":0,"_uf_disable_surveys":false},"product_brand":[],"product_cat":[49],"product_tag":[],"class_list":{"0":"post-1735","1":"product","2":"type-product","3":"status-publish","4":"has-post-thumbnail","6":"product_cat-lozka","8":"first","9":"onbackorder","10":"taxable","11":"shipping-taxable","12":"product-type-simple"},"aioseo_notices":[],"_links":{"self":[{"href":"https:\/\/www.emescom.pl\/site\/index.php?rest_route=\/wp\/v2\/product\/1735","targetHints":{"allow":["GET"]}}],"collection":[{"href":"https:\/\/www.emescom.pl\/site\/index.php?rest_route=\/wp\/v2\/product"}],"about":[{"href":"https:\/\/www.emescom.pl\/site\/index.php?rest_route=\/wp\/v2\/types\/product"}],"wp:featuredmedia":[{"embeddable":true,"href":"https:\/\/www.emescom.pl\/site\/index.php?rest_route=\/wp\/v2\/media\/1739"}],"wp:attachment":[{"href":"https:\/\/www.emescom.pl\/site\/index.php?rest_route=%2Fwp%2Fv2%2Fmedia&parent=1735"}],"wp:term":[{"taxonomy":"product_brand","embeddable":true,"href":"https:\/\/www.emescom.pl\/site\/index.php?rest_route=%2Fwp%2Fv2%2Fproduct_brand&post=1735"},{"taxonomy":"product_cat","embeddable":true,"href":"https:\/\/www.emescom.pl\/site\/index.php?rest_route=%2Fwp%2Fv2%2Fproduct_cat&post=1735"},{"taxonomy":"product_tag","embeddable":true,"href":"https:\/\/www.emescom.pl\/site\/index.php?rest_route=%2Fwp%2Fv2%2Fproduct_tag&post=1735"}],"curies":[{"name":"wp","href":"https:\/\/api.w.org\/{rel}","templated":true}]}}